 the greatest common factor of 468 and 364.
52
Calculate the highest common divisor of 150 and 550.
50
What is the highest common factor of 24 and 996?
12
Calculate the highest common factor of 35 and 15.
5
What is the greatest common factor of 12245 and 155?
155
What is the highest common divisor of 1302 and 154?
14
What is the greatest common divisor of 704 and 44?
44
Calculate the highest common factor of 16096 and 128.
32
Calculate the greatest common divisor of 40 and 460.
20
Calculate the greatest common divisor of 331 and 4.
1
Calculate the greatest common divisor of 1791 and 72.
9
What is the greatest common divisor of 2316 and 48?
12
What is the greatest common divisor of 92 and 1863?
23
Calculate the greatest common factor of 962 and 148.
74
Calculate the greatest common divisor of 90 and 1782.
18
Calculate the highest common divisor of 115 and 1840.
115
Calculate the greatest common divisor of 112 and 21952.
112
Calculate the greatest common divisor of 14 and 322.
14
What is the greatest common divisor of 23968 and 112?
112
Calculate the highest common factor of 2625 and 10125.
375
Calculate the highest common divisor of 2448 and 522.
18
Calculate the greatest common divisor of 4825 and 25.
25
What is the greatest common factor of 18 and 4104?
18
Calculate the greatest common factor of 23 and 9683.
23
What is the greatest common divisor of 451 and 697?
41
What is the greatest common divisor of 7073 and 11?
11
Calculate the highest common factor of 3 and 37.
1
Calculate the highest common divisor of 2114 and 448.
14
Calculate the greatest common factor of 48 and 1356.
12
What is the greatest common divisor of 159 and 3?
3
Calculate the greatest common divisor of 220 and 40.
20
What is the greatest common factor of 1 and 17?
1
Calculate the highest common divisor of 120 and 396.
12
Calculate the highest common factor of 209 and 11.
11
What is the greatest common factor of 304 and 64?
16
What is the greatest common factor of 119 and 4?
1
What is the highest common factor of 253 and 69?
23
What is the highest common factor of 4776 and 24?
24
What is the greatest common factor of 512 and 144?
16
Calculate the greatest common divisor of 1630 and 320.
10
Calculate the highest common factor of 53 and 1325.
53
Calculate the greatest common factor of 294 and 1848.
42
Calculate the highest common factor of 120 and 210.
30
What is the greatest common divisor of 3509 and 29?
29
Calculate the highest common divisor of 602 and 42.
14
What is the highest common divisor of 1479 and 867?
51
What is the greatest common factor of 2688 and 105?
21
Calculate the greatest common divisor of 46 and 1127.
23
What is the highest common factor of 1760 and 110?
110
Calculate the greatest common factor of 4 and 11548.
4
Calculate the highest common divisor of 9 and 156.
3
What is the greatest common divisor of 1840 and 3160?
40
Calculate the greatest common divisor of 5780 and 3060.
340
What is the highest common factor of 33 and 253?
11
What is the highest common factor of 7 and 3143?
7
What is the highest common factor of 14514 and 472?
118
Calculate the greatest common factor of 30 and 405.
15
What is the greatest common factor of 3 and 87?
3
What is the greatest common factor of 344 and 86?
86
Calculate the highest common factor of 14758 and 94.
94
What is the highest common divisor of 20 and 4390?
10
Calculate the greatest common factor of 108 and 46548.
108
What is the greatest common divisor of 12 and 216?
12
Calculate the highest common factor of 84 and 1554.
42
What is the highest common divisor of 4 and 1?
1
Calculate the highest common divisor of 1251 and 9.
9
Calculate the highest common divisor of 615 and 123.
123
What is the greatest common factor of 55 and 440?
55
Calculate the highest common factor of 96 and 23808.
96
What is the highest common factor of 96 and 1056?
96
What is the greatest common factor of 3404 and 69?
23
Calculate the greatest common divisor of 3317 and 31.
31
What is the highest common factor of 20 and 4925?
5
What is the greatest common divisor of 65 and 2665?
65
Calculate the highest common factor of 14 and 37.
1
Calculate the highest common factor of 16 and 592.
16
Calculate the greatest common divisor of 18 and 90090.
18
Calculate the greatest common divisor of 1950 and 13.
13
Calculate the greatest common divisor of 1370 and 450.
10
Calculate the highest common factor of 424 and 3074.
106
What is the highest common divisor of 111 and 148?
37
What is the highest common factor of 447 and 1639?
149
Calculate the highest common divisor of 312 and 338.
26
What is the greatest common divisor of 378 and 224?
14
Calculate the highest common factor of 594 and 3186.
54
Calculate the greatest common factor of 207 and 23.
23
Calculate the highest common factor of 1938 and 1122.
102
Calculate the greatest common divisor of 749 and 35.
7
Calculate the highest common factor of 253 and 92.
23
What is the greatest common factor of 11 and 14333?
11
What is the highest common factor of 1111 and 404?
101
Calculate the highest common factor of 19349 and 11.
11
Calculate the highest common divisor of 688 and 5934.
86
Calculate the greatest common divisor of 580 and 2175.
145
Calculate the greatest common factor of 2891 and 49.
49
What is the greatest common divisor of 230 and 2210?
10
What is the greatest common divisor of 12 and 1524?
12
Calculate the highest common factor of 287 and 984.
41
Calculate the greatest common factor of 13 and 8398.
13
Calculate the highest common factor of 5848 and 1224.
136
Calculate the highest common divisor of 1529 and 556.
139
What is the greatest common divisor of 657 and 9?
9
What is the highest common divisor of 368 and 23?
23
Calculate the greatest common factor of 125 and 50.
25
Calculate the highest common divisor of 56 and 182.
14
Calculate the highest common divisor of 825 and 2325.
75
Calculate the highest common divisor of 57 and 1425.
57
What is the greatest common divisor of 2945 and 1085?
155
What is the highest common divisor of 645 and 195?
15
Calculate the greatest common factor of 435 and 232.
29
Calculate the greatest common factor of 91 and 13.
13
What is the greatest common factor of 59 and 413?
59
Calculate the greatest common factor of 1740 and 60.
60
What is the greatest common factor of 22 and 4?
2
What is the highest common divisor of 32 and 2416?
16
What is the greatest common divisor of 1173 and 612?
51
Calculate the highest common factor of 1247 and 58.
29
Calculate the greatest common divisor of 29 and 14587.
29
What is the highest common divisor of 3432 and 4368?
312
Calculate the greatest common divisor of 41 and 11849.
41
Calculate the highest common factor of 36 and 4.
4
What is the highest common divisor of 72 and 168?
24
What is the highest common divisor of 170 and 16490?
170
Calculate the greatest common factor of 476 and 68.
68
Calculate the highest common divisor of 2505 and 30.
15
What is the highest common divisor of 5 and 1027?
1
Calculate the greatest common factor of 105 and 45.
15
What is the highest common divisor of 38 and 2280?
38
Calculate the greatest common factor of 30 and 560.
10
Calculate the highest common factor of 243 and 9.
9
What is the highest common divisor of 4592 and 560?
112
Calculate the greatest common factor of 42 and 21.
21
What is the highest common divisor of 75 and 120?
15
Calculate the highest common divisor of 70 and 30.
10
What is the highest common factor of 76 and 11001?
19
Calculate the greatest common divisor of 5 and 440.
5
What is the greatest common divisor of 656 and 432?
16
What is the greatest common factor of 105 and 1875?
15
What is the highest common factor of 492 and 312?
12
What is the greatest common factor of 18 and 4923?
9
Calculate the highest common divisor of 99 and 18.
9
Calculate the greatest common factor of 4496 and 320.
16
Calculate the highest common factor of 27699 and 21.
21
What is the greatest common divisor of 14 and 616?
14
Calculate the highest common factor of 13 and 43.
1
What is the greatest common divisor of 128 and 6?
2
Calculate the highest common divisor of 136 and 24.
8
Calculate the highest common divisor of 80 and 3840.
80
Calculate the highest common divisor of 1763 and 369.
41
Calculate